{"id":1974,"date":"2024-04-18T16:07:30","date_gmt":"2024-04-18T13:07:30","guid":{"rendered":"https:\/\/svenciunamai.eu\/?page_id=1974"},"modified":"2024-05-08T16:39:13","modified_gmt":"2024-05-08T13:39:13","slug":"mokslinis-sou","status":"publish","type":"page","link":"https:\/\/svenciunamai.eu\/?page_id=1974","title":{"rendered":"Mokslinis \u0161ou"},"content":{"rendered":"\n<p>Mokslinio \u0160ou programa tinka gimtadieniams, i\u0161leistuv\u0117ms, krik\u0161tynoms ir kitoms vaik\u0173 \u0161vent\u0117ms, kai norisi i\u0161ties su\u017eav\u0117ti ir nustebinti dalyvius. Tai interaktyvi ir nepamir\u0161tama mokslininko animatoriaus atliekama programa, kuria su\u017eav\u0117ti liks ne tik vaikai, bet ir t\u0117vai. <\/p>\n\n\n\n<!-- default-view.php -->\n<div\n\tclass=\"ngg-galleryoverview default-view \n\t\t\"\n\tid=\"ngg-gallery-f5780e101f8205fa228e3d8752fb9a81-1\">\n\n\t\t<!-- Thumbnails -->\n\t\t\t\t<div id=\"ngg-image-0\" class=\"ngg-gallery-thumbnail-box \n\t\t\t\t\t\t\t\t\t\t\t\" \n\t\t\t>\n\t\t\t\t\t\t<div class=\"ngg-gallery-thumbnail\">\n\t\t\t<a href=\"https:\/\/svenciunamai.eu\/wp-content\/gallery\/mokslinis_sou\/Mokslinis_gimtadienis_vilniuje.JPG\"\n\t\t\t\ttitle=\"\"\n\t\t\t\tdata-src=\"https:\/\/svenciunamai.eu\/wp-content\/gallery\/mokslinis_sou\/Mokslinis_gimtadienis_vilniuje.JPG\"\n\t\t\t\tdata-thumbnail=\"https:\/\/svenciunamai.eu\/wp-content\/gallery\/mokslinis_sou\/thumbs\/thumbs-Mokslinis_gimtadienis_vilniuje.JPG\"\n\t\t\t\tdata-image-id=\"138\"\n\t\t\t\tdata-title=\"Mokslinis_gimtadienis_vilniuje\"\n\t\t\t\tdata-description=\"\"\n\t\t\t\tdata-image-slug=\"mokslinis_gimtadienis_vilniuje\"\n\t\t\t\tclass=\"ngg-simplelightbox\" rel=\"f5780e101f8205fa228e3d8752fb9a81\">\n\t\t\t\t<img\n\t\t\t\t\ttitle=\"Mokslinis_gimtadienis_vilniuje\"\n\t\t\t\t\talt=\"Mokslinis_gimtadienis_vilniuje\"\n\t\t\t\t\tsrc=\"https:\/\/svenciunamai.eu\/wp-content\/gallery\/mokslinis_sou\/thumbs\/thumbs-Mokslinis_gimtadienis_vilniuje.JPG\"\n\t\t\t\t\twidth=\"240\"\n\t\t\t\t\theight=\"160\"\n\t\t\t\t\tstyle=\"max-width:100%;\"\n\t\t\t\t\/>\n\t\t\t<\/a>\n\t\t<\/div>\n\t\t\t\t\t\t\t<\/div> \n\t\t\t\n\t\t\t\t<div id=\"ngg-image-1\" class=\"ngg-gallery-thumbnail-box \n\t\t\t\t\t\t\t\t\t\t\t\" \n\t\t\t>\n\t\t\t\t\t\t<div class=\"ngg-gallery-thumbnail\">\n\t\t\t<a href=\"https:\/\/svenciunamai.eu\/wp-content\/gallery\/mokslinis_sou\/Mokslinis_sou_gimtadienyje.jpg\"\n\t\t\t\ttitle=\"\"\n\t\t\t\tdata-src=\"https:\/\/svenciunamai.eu\/wp-content\/gallery\/mokslinis_sou\/Mokslinis_sou_gimtadienyje.jpg\"\n\t\t\t\tdata-thumbnail=\"https:\/\/svenciunamai.eu\/wp-content\/gallery\/mokslinis_sou\/thumbs\/thumbs-Mokslinis_sou_gimtadienyje.jpg\"\n\t\t\t\tdata-image-id=\"139\"\n\t\t\t\tdata-title=\"Mokslinis_sou_gimtadienyje\"\n\t\t\t\tdata-description=\"\"\n\t\t\t\tdata-image-slug=\"mokslinis_sou_gimtadienyje\"\n\t\t\t\tclass=\"ngg-simplelightbox\" rel=\"f5780e101f8205fa228e3d8752fb9a81\">\n\t\t\t\t<img\n\t\t\t\t\ttitle=\"Mokslinis_sou_gimtadienyje\"\n\t\t\t\t\talt=\"Mokslinis_sou_gimtadienyje\"\n\t\t\t\t\tsrc=\"https:\/\/svenciunamai.eu\/wp-content\/gallery\/mokslinis_sou\/thumbs\/thumbs-Mokslinis_sou_gimtadienyje.jpg\"\n\t\t\t\t\twidth=\"240\"\n\t\t\t\t\theight=\"160\"\n\t\t\t\t\tstyle=\"max-width:100%;\"\n\t\t\t\t\/>\n\t\t\t<\/a>\n\t\t<\/div>\n\t\t\t\t\t\t\t<\/div> \n\t\t\t\n\t\t\t\t<div id=\"ngg-image-2\" class=\"ngg-gallery-thumbnail-box \n\t\t\t\t\t\t\t\t\t\t\t\" \n\t\t\t>\n\t\t\t\t\t\t<div class=\"ngg-gallery-thumbnail\">\n\t\t\t<a href=\"https:\/\/svenciunamai.eu\/wp-content\/gallery\/mokslinis_sou\/skysto_azoto_eksperimentai.JPG\"\n\t\t\t\ttitle=\"\"\n\t\t\t\tdata-src=\"https:\/\/svenciunamai.eu\/wp-content\/gallery\/mokslinis_sou\/skysto_azoto_eksperimentai.JPG\"\n\t\t\t\tdata-thumbnail=\"https:\/\/svenciunamai.eu\/wp-content\/gallery\/mokslinis_sou\/thumbs\/thumbs-skysto_azoto_eksperimentai.JPG\"\n\t\t\t\tdata-image-id=\"140\"\n\t\t\t\tdata-title=\"skysto_azoto_eksperimentai\"\n\t\t\t\tdata-description=\"\"\n\t\t\t\tdata-image-slug=\"skysto_azoto_eksperimentai\"\n\t\t\t\tclass=\"ngg-simplelightbox\" rel=\"f5780e101f8205fa228e3d8752fb9a81\">\n\t\t\t\t<img\n\t\t\t\t\ttitle=\"skysto_azoto_eksperimentai\"\n\t\t\t\t\talt=\"skysto_azoto_eksperimentai\"\n\t\t\t\t\tsrc=\"https:\/\/svenciunamai.eu\/wp-content\/gallery\/mokslinis_sou\/thumbs\/thumbs-skysto_azoto_eksperimentai.JPG\"\n\t\t\t\t\twidth=\"240\"\n\t\t\t\t\theight=\"160\"\n\t\t\t\t\tstyle=\"max-width:100%;\"\n\t\t\t\t\/>\n\t\t\t<\/a>\n\t\t<\/div>\n\t\t\t\t\t\t\t<\/div> \n\t\t\t\n\t\n\t<br style=\"clear: both\" \/>\n\n\t\n\t\t<!-- Pagination -->\n\t\t<div class='ngg-clear'><\/div>\t<\/div>\n\n\n\n\n<p><br>\u0160ou metu vaikai steb\u0117s ir patys i\u0161bandys daugyb\u0119 mokslini\u0173 eksperiment\u0173, kurie skysto azoto d\u0117ka tampa i\u0161ties \u012fsp\u016bdingi:<\/p>\n\n\n\n<ul class=\"wp-block-list\">\n<li>Baliono \u0161aldymas (kai jis susitraukia ir v\u0117l atgauna savo form\u0105)<\/li>\n\n\n\n<li>Kukur\u016bz\u0173 \u0161aldymas ir ragavimas<\/li>\n\n\n\n<li>Mokslinis dant\u0173 valymas<\/li>\n\n\n\n<li>Ugnis rankoje<\/li>\n\n\n\n<li>Led\u0173 gaminimas ir ragavimas (atskirai pasirenkama programos dalis)<\/li>\n\n\n\n<li>Slaimo gamyba (atskirai pasirenkama programos dalis)<\/li>\n<\/ul>\n\n\n\n<p>Ir daugyb\u0119 kit\u0173 smagi\u0173 eksperiment\u0173, kurie parenkami pagal \u0161vent\u0117s tip\u0105, dalyvi\u0173 skai\u010di\u0173 ir programos trukm\u0119.<\/p>\n\n\n\n<p class=\"has-blush-light-purple-gradient-background has-background\">Klient\u0173 atsiliepimus apie \u0161i\u0105 program\u0105 rasite paspaud\u0119 <a href=\"https:\/\/auginupametinukus.lt\/sventes\/nepamirstamas-mokslinis-gimtadienis\/\">\u0161i\u0105 nuorod\u0105.<\/a><\/p>\n\n\n\n<p>Mokslinio \u0161ou kaina nuo 185 eur.<\/p>\n","protected":false},"excerpt":{"rendered":"<p>Mokslinio \u0160ou programa tinka gimtadieniams, i\u0161leistuv\u0117ms, krik\u0161tynoms ir kitoms vaik\u0173 \u0161vent\u0117ms, kai norisi i\u0161ties su\u017eav\u0117ti ir nustebinti dalyvius. Tai interaktyvi ir nepamir\u0161tama mokslininko animatoriaus atliekama programa, kuria su\u017eav\u0117ti liks ne tik vaikai, bet ir t\u0117vai. \u0160ou metu vaikai steb\u0117s ir patys i\u0161bandys daugyb\u0119 mokslini\u0173 eksperiment\u0173, kurie skysto azoto d\u0117ka tampa i\u0161ties \u012fsp\u016bdingi: Ir daugyb\u0119 kit\u0173 &hellip;<\/p>\n","protected":false},"author":1,"featured_media":0,"parent":0,"menu_order":0,"comment_status":"closed","ping_status":"closed","template":"","meta":{"ngg_post_thumbnail":0,"footnotes":""},"class_list":["post-1974","page","type-page","status-publish","hentry","no-thumb"],"_links":{"self":[{"href":"https:\/\/svenciunamai.eu\/index.php?rest_route=\/wp\/v2\/pages\/1974","targetHints":{"allow":["GET"]}}],"collection":[{"href":"https:\/\/svenciunamai.eu\/index.php?rest_route=\/wp\/v2\/pages"}],"about":[{"href":"https:\/\/svenciunamai.eu\/index.php?rest_route=\/wp\/v2\/types\/page"}],"author":[{"embeddable":true,"href":"https:\/\/svenciunamai.eu\/index.php?rest_route=\/wp\/v2\/users\/1"}],"replies":[{"embeddable":true,"href":"https:\/\/svenciunamai.eu\/index.php?rest_route=%2Fwp%2Fv2%2Fcomments&post=1974"}],"version-history":[{"count":8,"href":"https:\/\/svenciunamai.eu\/index.php?rest_route=\/wp\/v2\/pages\/1974\/revisions"}],"predecessor-version":[{"id":2638,"href":"https:\/\/svenciunamai.eu\/index.php?rest_route=\/wp\/v2\/pages\/1974\/revisions\/2638"}],"wp:attachment":[{"href":"https:\/\/svenciunamai.eu\/index.php?rest_route=%2Fwp%2Fv2%2Fmedia&parent=1974"}],"curies":[{"name":"wp","href":"https:\/\/api.w.org\/{rel}","templated":true}]}}