{"id":1654,"date":"2024-04-12T14:40:33","date_gmt":"2024-04-12T11:40:33","guid":{"rendered":"https:\/\/svenciunamai.eu\/?page_id=1654"},"modified":"2024-05-08T14:51:29","modified_gmt":"2024-05-08T11:51:29","slug":"zygiu-organizavimas","status":"publish","type":"page","link":"https:\/\/svenciunamai.eu\/?page_id=1654","title":{"rendered":"\u017dygi\u0173 organizavimas"},"content":{"rendered":"\n<p>Si\u016blome nauj\u0105 format\u0105 j\u016bs\u0173 \u0161vent\u0117ms &#8211; kartu su kompanija leiskit\u0117s \u012f pramogin\u012f \u017eyg\u012f! Paslauga tinkama gimtadieniams, i\u0161leistuv\u0117ms, dar\u017eeli\u0173 ar mokykl\u0173 \u0161vent\u0117ms, \u012fmoni\u0173 renginiams.<\/p>\n\n\n\n<p class=\"has-blush-light-purple-gradient-background has-background\">Galime \u017eyg\u012f organizuoti j\u016bs\u0173 norimoje lokacijoje, viet\u0105, trukm\u0119 ir mar\u0161rut\u0105 deriname individualiai, arba galite rinktis m\u016bs\u0173 si\u016blomus mar\u0161rutus.<\/p>\n\n\n\n<p><strong>Organizuojame priva\u010dius \u017eygius<\/strong><\/p>\n\n\n\n<p>Organizuojame individualius \u017eygius j\u016bs\u0173 kompanijai. \u0160i paslauga puikiai tinkama \u012fmon\u0117ms, galite organizuoti rengin\u012f savo darbuotojams bei klientams, renginys gali b\u016bti skirtas suaugusiems, \u0161eimoms ar vaikams, galime surengti p\u0117s\u010di\u0173j\u0173 arba dvira\u010di\u0173 \u017eygius. \u0160i paslauga taip pat populiari vaik\u0173 grup\u0117ms dar\u017eeliuose, mokyklose ar tiesiog priva\u010dioms \u0161vent\u0117ms. <\/p>\n\n\n\n<p>Deriname jums tinkam\u0105 lokacij\u0105, mar\u0161ruto ilg\u012f, pramogas, si\u016blome aptarnaujant\u012f personal\u0105 ir visas reikiamas paslaugas, pasir\u016bpiname organizaciniais reikalais, koordinuojame ir sutvarkome \u017eygio viet\u0105 po renginio. <\/p>\n\n\n\n<p><strong>Vienas m\u0117gstamiausi\u0173 mar\u0161rut\u0173 vaikams &#8211; \u017dygis Vilniaus rajone<\/strong><\/p>\n\n\n\n<p>Kas j\u016bs\u0173 laukia?<\/p>\n\n\n\n<ul class=\"wp-block-list\">\n<li>Nuostabaus gro\u017eio mar\u0161rutas Vilniaus rajoje.<\/li>\n\n\n\n<li>\u012eveiksite 5 km. tras\u0105.<\/li>\n\n\n\n<li>Ie\u0161kosite lobio arba atliksite edukacines u\u017eduotis.<\/li>\n\n\n\n<li>Trasa patogi tuo, kad joje jau yra \u012frengtos pikniko zonos \u2013 staliukai, pav\u0117sin\u0117s, lau\u017eaviet\u0117s, tad labai patogu organizuoti u\u017ekand\u017ei\u0173 laik\u0105 ir pertrauk\u0117les \u017eygiuojant.<\/li>\n<\/ul>\n\n\n\n<p>\u017dygio organizavimo kaina m\u016bs\u0173 parinktoje lokacijoje 250 eur. (pasir\u016bpiname trasos su\u017eym\u0117jimu v\u0117liav\u0117l\u0117mis, lobio u\u017euomin\u0173 paruo\u0161imu, lobio pasl\u0117pimu, jei reikia, pristatome j\u016bs\u0173 u\u017ekand\u017eius \u012f poilsio stotel\u0119). Kai \u017eygis organizuojamas j\u016bs\u0173 norimoje vietoje &#8211; kaina derinama individualiai.<\/p>\n\n\n\n<p><strong>Papildomos paslaugos \u017eygyje<\/strong><\/p>\n\n\n\n<p>Galime pasir\u016bpinti norimais u\u017ekand\u017eiais, pikniko zon\u0173 paruo\u0161imu, papildomomis pramogomis \u2013 animatoriai, muilo burbulai, ponis, papildomi mediniai ar pripu\u010diami \u017eaidimai-pramogos, edukacijos, cukraus vatos ar sprag\u0117si\u0173 aparatai ir aptarnaujantis personalas ar kt. \u2013 \u0161ios paslaugos \u012f kain\u0105 ne\u012fskai\u010diuotos ir derinamos individualiai, jeigu yra poreikis.<\/p>\n\n\n\n<p>\u012e kain\u0105 ne\u012fskai\u010diuotas lobis, juo galime pagal susitarim\u0105 pasir\u016bpinti mes arba galite paruo\u0161ti vaikams dovan\u0117les j\u016bs patys.<\/p>\n\n\n\n<p>\u017dygio metu lydin\u010dio asmens n\u0117ra, keliaujate pagal rodykles, tad tur\u0117site jauk\u0173 ir smag\u0173 laik\u0105 netrukdomi pa\u0161alini\u0173 \u017emoni\u0173.<\/p>\n\n\n\n<p><strong>Organizuojame Typ Top pramoginius \u017eygius \u0161eimoms <\/strong><\/p>\n\n\n\n<p>Visus norin\u010dius i\u0161bandyti pramoginius \u017eygius \u0161eimoms, kvie\u010diame \u012f artimiausi\u0105 <a href=\"https:\/\/www.facebook.com\/typtopzygiai\">Typ Top <\/a>organizuojam\u0105 rengin\u012f <a href=\"https:\/\/www.facebook.com\/events\/942464177203138?acontext=%7B%22event_action_history%22%3A[%7B%22mechanism%22%3A%22surface%22%2C%22surface%22%3A%22groups_highlight_units%22%7D]%2C%22ref_notif_type%22%3Anull%7D\">gegu\u017e\u0117s 18 d. Vilniaus rajone.<\/a><\/p>\n\n\n\n<!-- default-view.php -->\n<div\n\tclass=\"ngg-galleryoverview default-view \n\t\t\"\n\tid=\"ngg-gallery-15558241f66f4970c0d445c16dd45c19-1\">\n\n\t\t<!-- Thumbnails -->\n\t\t\t\t<div id=\"ngg-image-0\" class=\"ngg-gallery-thumbnail-box \n\t\t\t\t\t\t\t\t\t\t\t\" \n\t\t\t>\n\t\t\t\t\t\t<div class=\"ngg-gallery-thumbnail\">\n\t\t\t<a href=\"https:\/\/svenciunamai.eu\/wp-content\/gallery\/zygiai\/isskirtines_pramogos_vaikams.jpg\"\n\t\t\t\ttitle=\"\"\n\t\t\t\tdata-src=\"https:\/\/svenciunamai.eu\/wp-content\/gallery\/zygiai\/isskirtines_pramogos_vaikams.jpg\"\n\t\t\t\tdata-thumbnail=\"https:\/\/svenciunamai.eu\/wp-content\/gallery\/zygiai\/thumbs\/thumbs-isskirtines_pramogos_vaikams.jpg\"\n\t\t\t\tdata-image-id=\"107\"\n\t\t\t\tdata-title=\"isskirtines_pramogos_vaikams\"\n\t\t\t\tdata-description=\"\"\n\t\t\t\tdata-image-slug=\"isskirtines_pramogos_vaikams\"\n\t\t\t\tclass=\"ngg-simplelightbox\" rel=\"15558241f66f4970c0d445c16dd45c19\">\n\t\t\t\t<img\n\t\t\t\t\ttitle=\"isskirtines_pramogos_vaikams\"\n\t\t\t\t\talt=\"isskirtines_pramogos_vaikams\"\n\t\t\t\t\tsrc=\"https:\/\/svenciunamai.eu\/wp-content\/gallery\/zygiai\/thumbs\/thumbs-isskirtines_pramogos_vaikams.jpg\"\n\t\t\t\t\twidth=\"240\"\n\t\t\t\t\theight=\"160\"\n\t\t\t\t\tstyle=\"max-width:100%;\"\n\t\t\t\t\/>\n\t\t\t<\/a>\n\t\t<\/div>\n\t\t\t\t\t\t\t<\/div> \n\t\t\t\n\t\t\t\t<div id=\"ngg-image-1\" class=\"ngg-gallery-thumbnail-box \n\t\t\t\t\t\t\t\t\t\t\t\" \n\t\t\t>\n\t\t\t\t\t\t<div class=\"ngg-gallery-thumbnail\">\n\t\t\t<a href=\"https:\/\/svenciunamai.eu\/wp-content\/gallery\/zygiai\/gimtadienio_pramogos_vaikams.jpg\"\n\t\t\t\ttitle=\"\"\n\t\t\t\tdata-src=\"https:\/\/svenciunamai.eu\/wp-content\/gallery\/zygiai\/gimtadienio_pramogos_vaikams.jpg\"\n\t\t\t\tdata-thumbnail=\"https:\/\/svenciunamai.eu\/wp-content\/gallery\/zygiai\/thumbs\/thumbs-gimtadienio_pramogos_vaikams.jpg\"\n\t\t\t\tdata-image-id=\"108\"\n\t\t\t\tdata-title=\"gimtadienio_pramogos_vaikams\"\n\t\t\t\tdata-description=\"\"\n\t\t\t\tdata-image-slug=\"gimtadienio_pramogos_vaikams\"\n\t\t\t\tclass=\"ngg-simplelightbox\" rel=\"15558241f66f4970c0d445c16dd45c19\">\n\t\t\t\t<img\n\t\t\t\t\ttitle=\"gimtadienio_pramogos_vaikams\"\n\t\t\t\t\talt=\"gimtadienio_pramogos_vaikams\"\n\t\t\t\t\tsrc=\"https:\/\/svenciunamai.eu\/wp-content\/gallery\/zygiai\/thumbs\/thumbs-gimtadienio_pramogos_vaikams.jpg\"\n\t\t\t\t\twidth=\"240\"\n\t\t\t\t\theight=\"160\"\n\t\t\t\t\tstyle=\"max-width:100%;\"\n\t\t\t\t\/>\n\t\t\t<\/a>\n\t\t<\/div>\n\t\t\t\t\t\t\t<\/div> \n\t\t\t\n\t\t\t\t<div id=\"ngg-image-2\" class=\"ngg-gallery-thumbnail-box \n\t\t\t\t\t\t\t\t\t\t\t\" \n\t\t\t>\n\t\t\t\t\t\t<div class=\"ngg-gallery-thumbnail\">\n\t\t\t<a href=\"https:\/\/svenciunamai.eu\/wp-content\/gallery\/zygiai\/pramoginiai_renginiai_seimoms.jpg\"\n\t\t\t\ttitle=\"\"\n\t\t\t\tdata-src=\"https:\/\/svenciunamai.eu\/wp-content\/gallery\/zygiai\/pramoginiai_renginiai_seimoms.jpg\"\n\t\t\t\tdata-thumbnail=\"https:\/\/svenciunamai.eu\/wp-content\/gallery\/zygiai\/thumbs\/thumbs-pramoginiai_renginiai_seimoms.jpg\"\n\t\t\t\tdata-image-id=\"109\"\n\t\t\t\tdata-title=\"pramoginiai_renginiai_seimoms\"\n\t\t\t\tdata-description=\"\"\n\t\t\t\tdata-image-slug=\"pramoginiai_renginiai_seimoms\"\n\t\t\t\tclass=\"ngg-simplelightbox\" rel=\"15558241f66f4970c0d445c16dd45c19\">\n\t\t\t\t<img\n\t\t\t\t\ttitle=\"pramoginiai_renginiai_seimoms\"\n\t\t\t\t\talt=\"pramoginiai_renginiai_seimoms\"\n\t\t\t\t\tsrc=\"https:\/\/svenciunamai.eu\/wp-content\/gallery\/zygiai\/thumbs\/thumbs-pramoginiai_renginiai_seimoms.jpg\"\n\t\t\t\t\twidth=\"240\"\n\t\t\t\t\theight=\"160\"\n\t\t\t\t\tstyle=\"max-width:100%;\"\n\t\t\t\t\/>\n\t\t\t<\/a>\n\t\t<\/div>\n\t\t\t\t\t\t\t<\/div> \n\t\t\t\n\t\t\t\t<div id=\"ngg-image-3\" class=\"ngg-gallery-thumbnail-box \n\t\t\t\t\t\t\t\t\t\t\t\" \n\t\t\t>\n\t\t\t\t\t\t<div class=\"ngg-gallery-thumbnail\">\n\t\t\t<a href=\"https:\/\/svenciunamai.eu\/wp-content\/gallery\/zygiai\/lauko_zaidimai_renginiuose.jpg\"\n\t\t\t\ttitle=\"\"\n\t\t\t\tdata-src=\"https:\/\/svenciunamai.eu\/wp-content\/gallery\/zygiai\/lauko_zaidimai_renginiuose.jpg\"\n\t\t\t\tdata-thumbnail=\"https:\/\/svenciunamai.eu\/wp-content\/gallery\/zygiai\/thumbs\/thumbs-lauko_zaidimai_renginiuose.jpg\"\n\t\t\t\tdata-image-id=\"110\"\n\t\t\t\tdata-title=\"lauko_zaidimai_renginiuose\"\n\t\t\t\tdata-description=\"\"\n\t\t\t\tdata-image-slug=\"lauko_zaidimai_renginiuose\"\n\t\t\t\tclass=\"ngg-simplelightbox\" rel=\"15558241f66f4970c0d445c16dd45c19\">\n\t\t\t\t<img\n\t\t\t\t\ttitle=\"lauko_zaidimai_renginiuose\"\n\t\t\t\t\talt=\"lauko_zaidimai_renginiuose\"\n\t\t\t\t\tsrc=\"https:\/\/svenciunamai.eu\/wp-content\/gallery\/zygiai\/thumbs\/thumbs-lauko_zaidimai_renginiuose.jpg\"\n\t\t\t\t\twidth=\"240\"\n\t\t\t\t\theight=\"160\"\n\t\t\t\t\tstyle=\"max-width:100%;\"\n\t\t\t\t\/>\n\t\t\t<\/a>\n\t\t<\/div>\n\t\t\t\t\t\t\t<\/div> \n\t\t\t\n\t\t\t\t<div id=\"ngg-image-4\" class=\"ngg-gallery-thumbnail-box \n\t\t\t\t\t\t\t\t\t\t\t\" \n\t\t\t>\n\t\t\t\t\t\t<div class=\"ngg-gallery-thumbnail\">\n\t\t\t<a href=\"https:\/\/svenciunamai.eu\/wp-content\/gallery\/zygiai\/imoniu_renginiu_organizavimas.jpg\"\n\t\t\t\ttitle=\"\"\n\t\t\t\tdata-src=\"https:\/\/svenciunamai.eu\/wp-content\/gallery\/zygiai\/imoniu_renginiu_organizavimas.jpg\"\n\t\t\t\tdata-thumbnail=\"https:\/\/svenciunamai.eu\/wp-content\/gallery\/zygiai\/thumbs\/thumbs-imoniu_renginiu_organizavimas.jpg\"\n\t\t\t\tdata-image-id=\"111\"\n\t\t\t\tdata-title=\"imoniu_renginiu_organizavimas\"\n\t\t\t\tdata-description=\"\"\n\t\t\t\tdata-image-slug=\"imoniu_renginiu_organizavimas\"\n\t\t\t\tclass=\"ngg-simplelightbox\" rel=\"15558241f66f4970c0d445c16dd45c19\">\n\t\t\t\t<img\n\t\t\t\t\ttitle=\"imoniu_renginiu_organizavimas\"\n\t\t\t\t\talt=\"imoniu_renginiu_organizavimas\"\n\t\t\t\t\tsrc=\"https:\/\/svenciunamai.eu\/wp-content\/gallery\/zygiai\/thumbs\/thumbs-imoniu_renginiu_organizavimas.jpg\"\n\t\t\t\t\twidth=\"240\"\n\t\t\t\t\theight=\"160\"\n\t\t\t\t\tstyle=\"max-width:100%;\"\n\t\t\t\t\/>\n\t\t\t<\/a>\n\t\t<\/div>\n\t\t\t\t\t\t\t<\/div> \n\t\t\t\n\t\t\t\t<div id=\"ngg-image-5\" class=\"ngg-gallery-thumbnail-box \n\t\t\t\t\t\t\t\t\t\t\t\" \n\t\t\t>\n\t\t\t\t\t\t<div class=\"ngg-gallery-thumbnail\">\n\t\t\t<a href=\"https:\/\/svenciunamai.eu\/wp-content\/gallery\/zygiai\/renginiai_seimoms.jpg\"\n\t\t\t\ttitle=\"\"\n\t\t\t\tdata-src=\"https:\/\/svenciunamai.eu\/wp-content\/gallery\/zygiai\/renginiai_seimoms.jpg\"\n\t\t\t\tdata-thumbnail=\"https:\/\/svenciunamai.eu\/wp-content\/gallery\/zygiai\/thumbs\/thumbs-renginiai_seimoms.jpg\"\n\t\t\t\tdata-image-id=\"112\"\n\t\t\t\tdata-title=\"renginiai_seimoms\"\n\t\t\t\tdata-description=\"\"\n\t\t\t\tdata-image-slug=\"renginiai_seimoms\"\n\t\t\t\tclass=\"ngg-simplelightbox\" rel=\"15558241f66f4970c0d445c16dd45c19\">\n\t\t\t\t<img\n\t\t\t\t\ttitle=\"renginiai_seimoms\"\n\t\t\t\t\talt=\"renginiai_seimoms\"\n\t\t\t\t\tsrc=\"https:\/\/svenciunamai.eu\/wp-content\/gallery\/zygiai\/thumbs\/thumbs-renginiai_seimoms.jpg\"\n\t\t\t\t\twidth=\"240\"\n\t\t\t\t\theight=\"160\"\n\t\t\t\t\tstyle=\"max-width:100%;\"\n\t\t\t\t\/>\n\t\t\t<\/a>\n\t\t<\/div>\n\t\t\t\t\t\t\t<\/div> \n\t\t\t\n\t\t\t\t<div id=\"ngg-image-6\" class=\"ngg-gallery-thumbnail-box \n\t\t\t\t\t\t\t\t\t\t\t\" \n\t\t\t>\n\t\t\t\t\t\t<div class=\"ngg-gallery-thumbnail\">\n\t\t\t<a href=\"https:\/\/svenciunamai.eu\/wp-content\/gallery\/zygiai\/renginiu_organizavimas_vilniuje.jpg\"\n\t\t\t\ttitle=\"\"\n\t\t\t\tdata-src=\"https:\/\/svenciunamai.eu\/wp-content\/gallery\/zygiai\/renginiu_organizavimas_vilniuje.jpg\"\n\t\t\t\tdata-thumbnail=\"https:\/\/svenciunamai.eu\/wp-content\/gallery\/zygiai\/thumbs\/thumbs-renginiu_organizavimas_vilniuje.jpg\"\n\t\t\t\tdata-image-id=\"113\"\n\t\t\t\tdata-title=\"renginiu_organizavimas_vilniuje\"\n\t\t\t\tdata-description=\"\"\n\t\t\t\tdata-image-slug=\"renginiu_organizavimas_vilniuje\"\n\t\t\t\tclass=\"ngg-simplelightbox\" rel=\"15558241f66f4970c0d445c16dd45c19\">\n\t\t\t\t<img\n\t\t\t\t\ttitle=\"renginiu_organizavimas_vilniuje\"\n\t\t\t\t\talt=\"renginiu_organizavimas_vilniuje\"\n\t\t\t\t\tsrc=\"https:\/\/svenciunamai.eu\/wp-content\/gallery\/zygiai\/thumbs\/thumbs-renginiu_organizavimas_vilniuje.jpg\"\n\t\t\t\t\twidth=\"240\"\n\t\t\t\t\theight=\"160\"\n\t\t\t\t\tstyle=\"max-width:100%;\"\n\t\t\t\t\/>\n\t\t\t<\/a>\n\t\t<\/div>\n\t\t\t\t\t\t\t<\/div> \n\t\t\t\n\t\t\t\t<div id=\"ngg-image-7\" class=\"ngg-gallery-thumbnail-box \n\t\t\t\t\t\t\t\t\t\t\t\" \n\t\t\t>\n\t\t\t\t\t\t<div class=\"ngg-gallery-thumbnail\">\n\t\t\t<a href=\"https:\/\/svenciunamai.eu\/wp-content\/gallery\/zygiai\/renginiu_organizavimas_vaikams.jpg\"\n\t\t\t\ttitle=\"\"\n\t\t\t\tdata-src=\"https:\/\/svenciunamai.eu\/wp-content\/gallery\/zygiai\/renginiu_organizavimas_vaikams.jpg\"\n\t\t\t\tdata-thumbnail=\"https:\/\/svenciunamai.eu\/wp-content\/gallery\/zygiai\/thumbs\/thumbs-renginiu_organizavimas_vaikams.jpg\"\n\t\t\t\tdata-image-id=\"114\"\n\t\t\t\tdata-title=\"renginiu_organizavimas_vaikams\"\n\t\t\t\tdata-description=\"\"\n\t\t\t\tdata-image-slug=\"renginiu_organizavimas_vaikams\"\n\t\t\t\tclass=\"ngg-simplelightbox\" rel=\"15558241f66f4970c0d445c16dd45c19\">\n\t\t\t\t<img\n\t\t\t\t\ttitle=\"renginiu_organizavimas_vaikams\"\n\t\t\t\t\talt=\"renginiu_organizavimas_vaikams\"\n\t\t\t\t\tsrc=\"https:\/\/svenciunamai.eu\/wp-content\/gallery\/zygiai\/thumbs\/thumbs-renginiu_organizavimas_vaikams.jpg\"\n\t\t\t\t\twidth=\"240\"\n\t\t\t\t\theight=\"160\"\n\t\t\t\t\tstyle=\"max-width:100%;\"\n\t\t\t\t\/>\n\t\t\t<\/a>\n\t\t<\/div>\n\t\t\t\t\t\t\t<\/div> \n\t\t\t\n\t\t\t\t<div id=\"ngg-image-8\" class=\"ngg-gallery-thumbnail-box \n\t\t\t\t\t\t\t\t\t\t\t\" \n\t\t\t>\n\t\t\t\t\t\t<div class=\"ngg-gallery-thumbnail\">\n\t\t\t<a href=\"https:\/\/svenciunamai.eu\/wp-content\/gallery\/zygiai\/svenciu_pramogos_vilniuje.jpg\"\n\t\t\t\ttitle=\"\"\n\t\t\t\tdata-src=\"https:\/\/svenciunamai.eu\/wp-content\/gallery\/zygiai\/svenciu_pramogos_vilniuje.jpg\"\n\t\t\t\tdata-thumbnail=\"https:\/\/svenciunamai.eu\/wp-content\/gallery\/zygiai\/thumbs\/thumbs-svenciu_pramogos_vilniuje.jpg\"\n\t\t\t\tdata-image-id=\"115\"\n\t\t\t\tdata-title=\"svenciu_pramogos_vilniuje\"\n\t\t\t\tdata-description=\"\"\n\t\t\t\tdata-image-slug=\"svenciu_pramogos_vilniuje\"\n\t\t\t\tclass=\"ngg-simplelightbox\" rel=\"15558241f66f4970c0d445c16dd45c19\">\n\t\t\t\t<img\n\t\t\t\t\ttitle=\"svenciu_pramogos_vilniuje\"\n\t\t\t\t\talt=\"svenciu_pramogos_vilniuje\"\n\t\t\t\t\tsrc=\"https:\/\/svenciunamai.eu\/wp-content\/gallery\/zygiai\/thumbs\/thumbs-svenciu_pramogos_vilniuje.jpg\"\n\t\t\t\t\twidth=\"240\"\n\t\t\t\t\theight=\"160\"\n\t\t\t\t\tstyle=\"max-width:100%;\"\n\t\t\t\t\/>\n\t\t\t<\/a>\n\t\t<\/div>\n\t\t\t\t\t\t\t<\/div> \n\t\t\t\n\t\t\t\t<div id=\"ngg-image-9\" class=\"ngg-gallery-thumbnail-box \n\t\t\t\t\t\t\t\t\t\t\t\" \n\t\t\t>\n\t\t\t\t\t\t<div class=\"ngg-gallery-thumbnail\">\n\t\t\t<a href=\"https:\/\/svenciunamai.eu\/wp-content\/gallery\/zygiai\/Typ_top_zygis_seimai.jpg\"\n\t\t\t\ttitle=\"\"\n\t\t\t\tdata-src=\"https:\/\/svenciunamai.eu\/wp-content\/gallery\/zygiai\/Typ_top_zygis_seimai.jpg\"\n\t\t\t\tdata-thumbnail=\"https:\/\/svenciunamai.eu\/wp-content\/gallery\/zygiai\/thumbs\/thumbs-Typ_top_zygis_seimai.jpg\"\n\t\t\t\tdata-image-id=\"116\"\n\t\t\t\tdata-title=\"Typ_top_zygis_seimai\"\n\t\t\t\tdata-description=\"\"\n\t\t\t\tdata-image-slug=\"typ_top_zygis_seimai\"\n\t\t\t\tclass=\"ngg-simplelightbox\" rel=\"15558241f66f4970c0d445c16dd45c19\">\n\t\t\t\t<img\n\t\t\t\t\ttitle=\"Typ_top_zygis_seimai\"\n\t\t\t\t\talt=\"Typ_top_zygis_seimai\"\n\t\t\t\t\tsrc=\"https:\/\/svenciunamai.eu\/wp-content\/gallery\/zygiai\/thumbs\/thumbs-Typ_top_zygis_seimai.jpg\"\n\t\t\t\t\twidth=\"240\"\n\t\t\t\t\theight=\"160\"\n\t\t\t\t\tstyle=\"max-width:100%;\"\n\t\t\t\t\/>\n\t\t\t<\/a>\n\t\t<\/div>\n\t\t\t\t\t\t\t<\/div> \n\t\t\t\n\t\t\t\t<div id=\"ngg-image-10\" class=\"ngg-gallery-thumbnail-box \n\t\t\t\t\t\t\t\t\t\t\t\" \n\t\t\t>\n\t\t\t\t\t\t<div class=\"ngg-gallery-thumbnail\">\n\t\t\t<a href=\"https:\/\/svenciunamai.eu\/wp-content\/gallery\/zygiai\/Typ_top_zygiai_seimoms.jpg\"\n\t\t\t\ttitle=\"\"\n\t\t\t\tdata-src=\"https:\/\/svenciunamai.eu\/wp-content\/gallery\/zygiai\/Typ_top_zygiai_seimoms.jpg\"\n\t\t\t\tdata-thumbnail=\"https:\/\/svenciunamai.eu\/wp-content\/gallery\/zygiai\/thumbs\/thumbs-Typ_top_zygiai_seimoms.jpg\"\n\t\t\t\tdata-image-id=\"117\"\n\t\t\t\tdata-title=\"Typ_top_zygiai_seimoms\"\n\t\t\t\tdata-description=\"\"\n\t\t\t\tdata-image-slug=\"typ_top_zygiai_seimoms\"\n\t\t\t\tclass=\"ngg-simplelightbox\" rel=\"15558241f66f4970c0d445c16dd45c19\">\n\t\t\t\t<img\n\t\t\t\t\ttitle=\"Typ_top_zygiai_seimoms\"\n\t\t\t\t\talt=\"Typ_top_zygiai_seimoms\"\n\t\t\t\t\tsrc=\"https:\/\/svenciunamai.eu\/wp-content\/gallery\/zygiai\/thumbs\/thumbs-Typ_top_zygiai_seimoms.jpg\"\n\t\t\t\t\twidth=\"240\"\n\t\t\t\t\theight=\"160\"\n\t\t\t\t\tstyle=\"max-width:100%;\"\n\t\t\t\t\/>\n\t\t\t<\/a>\n\t\t<\/div>\n\t\t\t\t\t\t\t<\/div> \n\t\t\t\n\t\t\t\t<div id=\"ngg-image-11\" class=\"ngg-gallery-thumbnail-box \n\t\t\t\t\t\t\t\t\t\t\t\" \n\t\t\t>\n\t\t\t\t\t\t<div class=\"ngg-gallery-thumbnail\">\n\t\t\t<a href=\"https:\/\/svenciunamai.eu\/wp-content\/gallery\/zygiai\/vaiku_renginiai.jpg\"\n\t\t\t\ttitle=\"\"\n\t\t\t\tdata-src=\"https:\/\/svenciunamai.eu\/wp-content\/gallery\/zygiai\/vaiku_renginiai.jpg\"\n\t\t\t\tdata-thumbnail=\"https:\/\/svenciunamai.eu\/wp-content\/gallery\/zygiai\/thumbs\/thumbs-vaiku_renginiai.jpg\"\n\t\t\t\tdata-image-id=\"118\"\n\t\t\t\tdata-title=\"vaiku_renginiai\"\n\t\t\t\tdata-description=\"\"\n\t\t\t\tdata-image-slug=\"vaiku_renginiai\"\n\t\t\t\tclass=\"ngg-simplelightbox\" rel=\"15558241f66f4970c0d445c16dd45c19\">\n\t\t\t\t<img\n\t\t\t\t\ttitle=\"vaiku_renginiai\"\n\t\t\t\t\talt=\"vaiku_renginiai\"\n\t\t\t\t\tsrc=\"https:\/\/svenciunamai.eu\/wp-content\/gallery\/zygiai\/thumbs\/thumbs-vaiku_renginiai.jpg\"\n\t\t\t\t\twidth=\"240\"\n\t\t\t\t\theight=\"160\"\n\t\t\t\t\tstyle=\"max-width:100%;\"\n\t\t\t\t\/>\n\t\t\t<\/a>\n\t\t<\/div>\n\t\t\t\t\t\t\t<\/div> \n\t\t\t\n\t\t\t\t<div id=\"ngg-image-12\" class=\"ngg-gallery-thumbnail-box \n\t\t\t\t\t\t\t\t\t\t\t\" \n\t\t\t>\n\t\t\t\t\t\t<div class=\"ngg-gallery-thumbnail\">\n\t\t\t<a href=\"https:\/\/svenciunamai.eu\/wp-content\/gallery\/zygiai\/Vasaros_pramogos_vaikams.jpg\"\n\t\t\t\ttitle=\"\"\n\t\t\t\tdata-src=\"https:\/\/svenciunamai.eu\/wp-content\/gallery\/zygiai\/Vasaros_pramogos_vaikams.jpg\"\n\t\t\t\tdata-thumbnail=\"https:\/\/svenciunamai.eu\/wp-content\/gallery\/zygiai\/thumbs\/thumbs-Vasaros_pramogos_vaikams.jpg\"\n\t\t\t\tdata-image-id=\"119\"\n\t\t\t\tdata-title=\"Vasaros_pramogos_vaikams\"\n\t\t\t\tdata-description=\"\"\n\t\t\t\tdata-image-slug=\"vasaros_pramogos_vaikams\"\n\t\t\t\tclass=\"ngg-simplelightbox\" rel=\"15558241f66f4970c0d445c16dd45c19\">\n\t\t\t\t<img\n\t\t\t\t\ttitle=\"Vasaros_pramogos_vaikams\"\n\t\t\t\t\talt=\"Vasaros_pramogos_vaikams\"\n\t\t\t\t\tsrc=\"https:\/\/svenciunamai.eu\/wp-content\/gallery\/zygiai\/thumbs\/thumbs-Vasaros_pramogos_vaikams.jpg\"\n\t\t\t\t\twidth=\"240\"\n\t\t\t\t\theight=\"160\"\n\t\t\t\t\tstyle=\"max-width:100%;\"\n\t\t\t\t\/>\n\t\t\t<\/a>\n\t\t<\/div>\n\t\t\t\t\t\t\t<\/div> \n\t\t\t\n\t\t\t\t<div id=\"ngg-image-13\" class=\"ngg-gallery-thumbnail-box \n\t\t\t\t\t\t\t\t\t\t\t\" \n\t\t\t>\n\t\t\t\t\t\t<div class=\"ngg-gallery-thumbnail\">\n\t\t\t<a href=\"https:\/\/svenciunamai.eu\/wp-content\/gallery\/zygiai\/zygiai_vaikams.jpg\"\n\t\t\t\ttitle=\"\"\n\t\t\t\tdata-src=\"https:\/\/svenciunamai.eu\/wp-content\/gallery\/zygiai\/zygiai_vaikams.jpg\"\n\t\t\t\tdata-thumbnail=\"https:\/\/svenciunamai.eu\/wp-content\/gallery\/zygiai\/thumbs\/thumbs-zygiai_vaikams.jpg\"\n\t\t\t\tdata-image-id=\"120\"\n\t\t\t\tdata-title=\"zygiai_vaikams\"\n\t\t\t\tdata-description=\"\"\n\t\t\t\tdata-image-slug=\"zygiai_vaikams\"\n\t\t\t\tclass=\"ngg-simplelightbox\" rel=\"15558241f66f4970c0d445c16dd45c19\">\n\t\t\t\t<img\n\t\t\t\t\ttitle=\"zygiai_vaikams\"\n\t\t\t\t\talt=\"zygiai_vaikams\"\n\t\t\t\t\tsrc=\"https:\/\/svenciunamai.eu\/wp-content\/gallery\/zygiai\/thumbs\/thumbs-zygiai_vaikams.jpg\"\n\t\t\t\t\twidth=\"240\"\n\t\t\t\t\theight=\"160\"\n\t\t\t\t\tstyle=\"max-width:100%;\"\n\t\t\t\t\/>\n\t\t\t<\/a>\n\t\t<\/div>\n\t\t\t\t\t\t\t<\/div> \n\t\t\t\n\t\t\t\t<div id=\"ngg-image-14\" class=\"ngg-gallery-thumbnail-box \n\t\t\t\t\t\t\t\t\t\t\t\" \n\t\t\t>\n\t\t\t\t\t\t<div class=\"ngg-gallery-thumbnail\">\n\t\t\t<a href=\"https:\/\/svenciunamai.eu\/wp-content\/gallery\/zygiai\/zygiu_organizavimas.jpg\"\n\t\t\t\ttitle=\"\"\n\t\t\t\tdata-src=\"https:\/\/svenciunamai.eu\/wp-content\/gallery\/zygiai\/zygiu_organizavimas.jpg\"\n\t\t\t\tdata-thumbnail=\"https:\/\/svenciunamai.eu\/wp-content\/gallery\/zygiai\/thumbs\/thumbs-zygiu_organizavimas.jpg\"\n\t\t\t\tdata-image-id=\"121\"\n\t\t\t\tdata-title=\"zygiu_organizavimas\"\n\t\t\t\tdata-description=\"\"\n\t\t\t\tdata-image-slug=\"zygiu_organizavimas\"\n\t\t\t\tclass=\"ngg-simplelightbox\" rel=\"15558241f66f4970c0d445c16dd45c19\">\n\t\t\t\t<img\n\t\t\t\t\ttitle=\"zygiu_organizavimas\"\n\t\t\t\t\talt=\"zygiu_organizavimas\"\n\t\t\t\t\tsrc=\"https:\/\/svenciunamai.eu\/wp-content\/gallery\/zygiai\/thumbs\/thumbs-zygiu_organizavimas.jpg\"\n\t\t\t\t\twidth=\"240\"\n\t\t\t\t\theight=\"160\"\n\t\t\t\t\tstyle=\"max-width:100%;\"\n\t\t\t\t\/>\n\t\t\t<\/a>\n\t\t<\/div>\n\t\t\t\t\t\t\t<\/div> \n\t\t\t\n\t\n\t<br style=\"clear: both\" \/>\n\n\t\n\t\t<!-- Pagination -->\n\t\t<div class='ngg-clear'><\/div>\t<\/div>\n\n","protected":false},"excerpt":{"rendered":"<p>Si\u016blome nauj\u0105 format\u0105 j\u016bs\u0173 \u0161vent\u0117ms &#8211; kartu su kompanija leiskit\u0117s \u012f pramogin\u012f \u017eyg\u012f! Paslauga tinkama gimtadieniams, i\u0161leistuv\u0117ms, dar\u017eeli\u0173 ar mokykl\u0173 \u0161vent\u0117ms, \u012fmoni\u0173 renginiams. Galime \u017eyg\u012f organizuoti j\u016bs\u0173 norimoje lokacijoje, viet\u0105, trukm\u0119 ir mar\u0161rut\u0105 deriname individualiai, arba galite rinktis m\u016bs\u0173 si\u016blomus mar\u0161rutus. Organizuojame priva\u010dius \u017eygius Organizuojame individualius \u017eygius j\u016bs\u0173 kompanijai. \u0160i paslauga puikiai tinkama \u012fmon\u0117ms, galite &hellip;<\/p>\n","protected":false},"author":1,"featured_media":0,"parent":0,"menu_order":0,"comment_status":"closed","ping_status":"closed","template":"","meta":{"ngg_post_thumbnail":0,"footnotes":""},"class_list":["post-1654","page","type-page","status-publish","hentry","no-thumb"],"_links":{"self":[{"href":"https:\/\/svenciunamai.eu\/index.php?rest_route=\/wp\/v2\/pages\/1654","targetHints":{"allow":["GET"]}}],"collection":[{"href":"https:\/\/svenciunamai.eu\/index.php?rest_route=\/wp\/v2\/pages"}],"about":[{"href":"https:\/\/svenciunamai.eu\/index.php?rest_route=\/wp\/v2\/types\/page"}],"author":[{"embeddable":true,"href":"https:\/\/svenciunamai.eu\/index.php?rest_route=\/wp\/v2\/users\/1"}],"replies":[{"embeddable":true,"href":"https:\/\/svenciunamai.eu\/index.php?rest_route=%2Fwp%2Fv2%2Fcomments&post=1654"}],"version-history":[{"count":5,"href":"https:\/\/svenciunamai.eu\/index.php?rest_route=\/wp\/v2\/pages\/1654\/revisions"}],"predecessor-version":[{"id":2578,"href":"https:\/\/svenciunamai.eu\/index.php?rest_route=\/wp\/v2\/pages\/1654\/revisions\/2578"}],"wp:attachment":[{"href":"https:\/\/svenciunamai.eu\/index.php?rest_route=%2Fwp%2Fv2%2Fmedia&parent=1654"}],"curies":[{"name":"wp","href":"https:\/\/api.w.org\/{rel}","templated":true}]}}