{"id":1652,"date":"2024-04-12T14:40:33","date_gmt":"2024-04-12T11:40:33","guid":{"rendered":"https:\/\/svenciunamai.eu\/?page_id=1652"},"modified":"2024-04-30T12:07:59","modified_gmt":"2024-04-30T09:07:59","slug":"vaiku-gimtadieniu-organizavimas","status":"publish","type":"page","link":"https:\/\/svenciunamai.eu\/?page_id=1652","title":{"rendered":"Vaik\u0173 gimtadieni\u0173 organizavimas"},"content":{"rendered":"\n<p>Galime pad\u0117ti suplanuoti bei \u012fgyvendinti vaik\u0173 gimtadienius, pasi\u016blyti paslaug\u0173 tiek\u0117jus, i\u0161skirtines pramogas ir programas. Vaik\u0173 gimtadieniai ta \u0161vent\u0117, kuri\u0105 planuojant t\u0117veliams kartais tikrai pritr\u016bksta id\u0117j\u0173 kaip nustebinti savo at\u017ealas. Tad esame pasiruo\u0161\u0119 pagelb\u0117ti ir sukurti i\u0161skirtinius ir unikalius vaik\u0173 gimtadienius &#8211; visk\u0105 suplanuosime iki ma\u017eiausi\u0173 smulkmen\u0173, pasi\u016blysime b\u016btent j\u016bs\u0173 \u0161ventei labiausiai tinkan\u010dius patikimus paslaug\u0173 tiek\u0117jus. <\/p>\n\n\n\n<p class=\"has-blush-light-purple-gradient-background has-background\"><strong>Savo renginiams galite u\u017esakyti tik reikiamas paslaugas arba pasirinkti vis\u0105 paslaug\u0173 paket\u0105 su \u0161vent\u0117s planavimu bei koordinavimu.<\/strong><\/p>\n\n\n<div class=\"wp-block-image\">\n<figure class=\"alignright size-large is-resized\"><img fetchpriority=\"high\" decoding=\"async\" width=\"819\" height=\"1024\" src=\"https:\/\/svenciunamai.eu\/wp-content\/uploads\/2024\/04\/gimtadieniu_organizavimas_dekoras-819x1024.jpg\" alt=\"\" class=\"wp-image-2133\" style=\"width:380px;height:auto\" srcset=\"https:\/\/svenciunamai.eu\/wp-content\/uploads\/2024\/04\/gimtadieniu_organizavimas_dekoras-819x1024.jpg 819w, https:\/\/svenciunamai.eu\/wp-content\/uploads\/2024\/04\/gimtadieniu_organizavimas_dekoras-240x300.jpg 240w, https:\/\/svenciunamai.eu\/wp-content\/uploads\/2024\/04\/gimtadieniu_organizavimas_dekoras-768x960.jpg 768w, https:\/\/svenciunamai.eu\/wp-content\/uploads\/2024\/04\/gimtadieniu_organizavimas_dekoras-1229x1536.jpg 1229w, https:\/\/svenciunamai.eu\/wp-content\/uploads\/2024\/04\/gimtadieniu_organizavimas_dekoras-418x523.jpg 418w, https:\/\/svenciunamai.eu\/wp-content\/uploads\/2024\/04\/gimtadieniu_organizavimas_dekoras.jpg 1440w\" sizes=\"(max-width: 819px) 100vw, 819px\" \/><\/figure>\n<\/div>\n\n\n<p><strong>Paslaugos vaik\u0173 renginiams<\/strong><\/p>\n\n\n\n<p>Jei organizuojate gimtadien\u012f savaranki\u0161kai, pas mus galima u\u017esakyti tik tas paslaugas, kurios reikalingos j\u016bs\u0173 renginiui (neb\u016btina rinktis pilnus \u0161vent\u0117s paketus ar pirkti organizavimo bei koordinavimo paslaugas). Reikalingi maisto tiek\u0117jai, batutai, animatoriai ar kit\u0173 paslaug\u0173 tiek\u0117jai? Puiku, turime puikius partnerius, mielai pateiksime pasi\u016blym\u0105 atitinkant\u012f j\u016bs\u0173 poreikius<\/p>\n\n\n\n<p><strong>Vaik\u0173 gimtadieni\u0173 organizavimas ir koordinavimas<\/strong><\/p>\n\n\n\n<p>Gimtadienio organizavimas ir koordinavimas susideda i\u0161 trij\u0173 etap\u0173, galite rinktis kurio konkre\u010diai reikia ir u\u017esakyti tik t\u0105 dal\u012f arba galime sutarti vis\u0105 paslaug\u0173 paket\u0105.<\/p>\n\n\n\n<p>\u0160VENT\u0116S PLANAVIMAS<\/p>\n\n\n\n<ul class=\"wp-block-list\">\n<li>Kartu su klientu aptariame b\u016bsim\u0105 \u0161vent\u0119, i\u0161siai\u0161kiname vizij\u0105, aptar\u0117me koncept\u0105 ir biud\u017eet\u0105.<\/li>\n\n\n\n<li>Kiekvienos \u0161vent\u0117s konceptas kuriamas individualiai, kad visi\u0161kai atitikt\u0173 kliento poreikius.<\/li>\n\n\n\n<li>Surandu paslaug\u0173 tiek\u0117jus, pateikiu j\u0173 pasi\u016blymus bei s\u0105mat\u0105.<\/li>\n\n\n\n<li>Paruo\u0161iu \u0161vent\u0117s plan\u0105.<\/li>\n\n\n\n<li>Sud\u0117lioju paslaug\u0173 tiek\u0117j\u0173 atvykimo laikus, su jais kontaktuoju ir derinu visas smulkmenas (priva\u017eiavimo klausimai, elektros pasiekiamumo ir galios klausimai, kito paslaug\u0173 tiek\u0117jams reikalingo inventoriaus u\u017esakymus, pristatymas ir t.t.).<\/li>\n<\/ul>\n\n\n\n<p>KOORDINAVIMAS<\/p>\n\n\n\n<ul class=\"wp-block-list\">\n<li>\u0160vent\u0117s dien\u0105 vykstu \u012f viet\u0105, laukiu tiek\u0117j\u0173, su\u017ei\u016briu, kad viskas b\u016bt\u0173 atlikta laiku ir taip, kaip planuota. Sprend\u017eiu kilusius klausimus \u010dia ir dabar netrukdant klient\u0173.<\/li>\n\n\n\n<li>Papildomai susitarus galiu pristatyti u\u017esakytus daiktus \u2013 spauda, desertai, pramogoms skirtas inventorius ir t.t.<\/li>\n<\/ul>\n\n\n\n<p>PAGALBA \u0160VENT\u0116JE IR PO JOS<\/p>\n\n\n\n<ul class=\"wp-block-list\">\n<li>\u0160vent\u0117s metu b\u016bnu \u0161alia, koordinuoju, su\u017ei\u016briu paslaug\u0173 tiek\u0117jus, sprend\u017eiu i\u0161kilusius klausimus.<\/li>\n\n\n\n<li>Po \u0161vent\u0117s galite keliauti namo, visus tvarkymosi r\u016bpes\u010dius palikdami mano komandai. Jei reikia i\u0161ve\u017eiojame tiek\u0117jams nuomot\u0105 inventori\u0173, atlaisviname ir paliekame tvarkingas patalpas\/viet\u0105.<\/li>\n<\/ul>\n\n\n\n<p>Renginio organizavimo ir koordinavimo kaina nuo 200 eur.<\/p>\n","protected":false},"excerpt":{"rendered":"<p>Galime pad\u0117ti suplanuoti bei \u012fgyvendinti vaik\u0173 gimtadienius, pasi\u016blyti paslaug\u0173 tiek\u0117jus, i\u0161skirtines pramogas ir programas. Vaik\u0173 gimtadieniai ta \u0161vent\u0117, kuri\u0105 planuojant t\u0117veliams kartais tikrai pritr\u016bksta id\u0117j\u0173 kaip nustebinti savo at\u017ealas. Tad esame pasiruo\u0161\u0119 pagelb\u0117ti ir sukurti i\u0161skirtinius ir unikalius vaik\u0173 gimtadienius &#8211; visk\u0105 suplanuosime iki ma\u017eiausi\u0173 smulkmen\u0173, pasi\u016blysime b\u016btent j\u016bs\u0173 \u0161ventei labiausiai tinkan\u010dius patikimus paslaug\u0173 tiek\u0117jus. &hellip;<\/p>\n","protected":false},"author":1,"featured_media":0,"parent":0,"menu_order":0,"comment_status":"closed","ping_status":"closed","template":"","meta":{"ngg_post_thumbnail":0,"footnotes":""},"class_list":["post-1652","page","type-page","status-publish","hentry","no-thumb"],"_links":{"self":[{"href":"https:\/\/svenciunamai.eu\/index.php?rest_route=\/wp\/v2\/pages\/1652","targetHints":{"allow":["GET"]}}],"collection":[{"href":"https:\/\/svenciunamai.eu\/index.php?rest_route=\/wp\/v2\/pages"}],"about":[{"href":"https:\/\/svenciunamai.eu\/index.php?rest_route=\/wp\/v2\/types\/page"}],"author":[{"embeddable":true,"href":"https:\/\/svenciunamai.eu\/index.php?rest_route=\/wp\/v2\/users\/1"}],"replies":[{"embeddable":true,"href":"https:\/\/svenciunamai.eu\/index.php?rest_route=%2Fwp%2Fv2%2Fcomments&post=1652"}],"version-history":[{"count":5,"href":"https:\/\/svenciunamai.eu\/index.php?rest_route=\/wp\/v2\/pages\/1652\/revisions"}],"predecessor-version":[{"id":2165,"href":"https:\/\/svenciunamai.eu\/index.php?rest_route=\/wp\/v2\/pages\/1652\/revisions\/2165"}],"wp:attachment":[{"href":"https:\/\/svenciunamai.eu\/index.php?rest_route=%2Fwp%2Fv2%2Fmedia&parent=1652"}],"curies":[{"name":"wp","href":"https:\/\/api.w.org\/{rel}","templated":true}]}}