{"id":1452,"date":"2023-03-14T12:29:51","date_gmt":"2023-03-14T10:29:51","guid":{"rendered":"https:\/\/svenciunamai.eu\/?page_id=1452"},"modified":"2024-05-08T17:02:00","modified_gmt":"2024-05-08T14:02:00","slug":"spragesiu-aparato-nuoma","status":"publish","type":"page","link":"https:\/\/svenciunamai.eu\/?page_id=1452","title":{"rendered":"Sprag\u0117si\u0173 aparato nuoma"},"content":{"rendered":"<p><p style=\"margin-bottom: 0in; line-height: normal;\"><b>Profesionalaus sprag\u0117si\u0173 aparato nuoma \u2013 50 eur. +DOVANA priemon\u0117s 40 porcij\u0173 (sald\u016bs\/s\u016br\u016bs sprag\u0117siai)<\/b> &nbsp; &nbsp; &nbsp;&nbsp;<\/p>\n<p><img decoding=\"async\" class=\"alignleft\" src=\"https:\/\/svenciunamai.eu\/wp-content\/uploads\/2023\/03\/spragesiu_aparato_nuoma_Vilniuje.jpg\" alt=\"\" width=\"207\" height=\"207\"><\/p>\n<ul>\n<li style=\"text-indent: -0.25in; line-height: normal;\"><!--[endif]-->Esant poreikiui galima u\u017esakyti papildomas porcijas.&nbsp;<\/li>\n<li style=\"text-indent: -0.25in; line-height: normal;\">&nbsp;<!--[endif]-->Personalas sprag\u0117si\u0173 gaminimui 25 eur\/val.<\/li>\n<li style=\"text-indent: -0.25in; line-height: normal;\"><!-- [if !supportLists]-->Galimas pristatymas \u012f renginio viet\u0105 (kaina derinama individualiai).<\/li>\n<li style=\"text-indent: -0.25in; line-height: normal;\">&nbsp;<!--[endif]-->Priva\u010dioms \u0161vent\u0117ms sprag\u0117si\u0173 gaminimo aparat\u0105 galime nuomoti be aptarnaujan\u010dio personalo, apmokome kaip naudotis \u012franga.<\/li>\n<li style=\"text-indent: -0.25in; line-height: normal;\"><!-- [if !supportLists]-->U\u017esakant m\u016bs\u0173 personal\u0105 galime pasi\u016blyti sprag\u0117sius su priedais (pada\u017eais, pabarstukais, saldainiukais ir t.t.) kaina priklauso nuo porcij\u0173 kiekio ir gaminimo trukm\u0117s, derinama individualiai.<\/li>\n<\/ul>\n<p style=\"margin-bottom: 12.0pt; line-height: normal; vertical-align: baseline;\">Galime pasi\u016blyti iki 20 aparat\u0173 vienai \u0161ventei, tad kad ir kiek vaiku\u010di\u0173 sugalvojote pakviesti \u012f savo rengin\u012f \u2013 laimingi liks visi! Galime aptarnauti renginius, kuriuose reikia pavai\u0161inti daugiau nei 10000 \u017emoni\u0173.<\/p>\n<!-- default-view.php -->\n<div\n\tclass=\"ngg-galleryoverview default-view \n\t\t\"\n\tid=\"ngg-gallery-d33561d4ee2eefe8b185a2fa245d4015-1\">\n\n\t\t<!-- Thumbnails -->\n\t\t\t\t<div id=\"ngg-image-0\" class=\"ngg-gallery-thumbnail-box \n\t\t\t\t\t\t\t\t\t\t\t\" \n\t\t\t>\n\t\t\t\t\t\t<div class=\"ngg-gallery-thumbnail\">\n\t\t\t<a href=\"https:\/\/svenciunamai.eu\/wp-content\/gallery\/spragesiu_aparatas\/spragesiu_aparato_nuoma.jpg\"\n\t\t\t\ttitle=\"\"\n\t\t\t\tdata-src=\"https:\/\/svenciunamai.eu\/wp-content\/gallery\/spragesiu_aparatas\/spragesiu_aparato_nuoma.jpg\"\n\t\t\t\tdata-thumbnail=\"https:\/\/svenciunamai.eu\/wp-content\/gallery\/spragesiu_aparatas\/thumbs\/thumbs-spragesiu_aparato_nuoma.jpg\"\n\t\t\t\tdata-image-id=\"154\"\n\t\t\t\tdata-title=\"spragesiu_aparato_nuoma\"\n\t\t\t\tdata-description=\"\"\n\t\t\t\tdata-image-slug=\"spragesiu_aparato_nuoma\"\n\t\t\t\tclass=\"ngg-simplelightbox\" rel=\"d33561d4ee2eefe8b185a2fa245d4015\">\n\t\t\t\t<img\n\t\t\t\t\ttitle=\"spragesiu_aparato_nuoma\"\n\t\t\t\t\talt=\"spragesiu_aparato_nuoma\"\n\t\t\t\t\tsrc=\"https:\/\/svenciunamai.eu\/wp-content\/gallery\/spragesiu_aparatas\/thumbs\/thumbs-spragesiu_aparato_nuoma.jpg\"\n\t\t\t\t\twidth=\"240\"\n\t\t\t\t\theight=\"160\"\n\t\t\t\t\tstyle=\"max-width:100%;\"\n\t\t\t\t\/>\n\t\t\t<\/a>\n\t\t<\/div>\n\t\t\t\t\t\t\t<\/div> \n\t\t\t\n\t\t\t\t<div id=\"ngg-image-1\" class=\"ngg-gallery-thumbnail-box \n\t\t\t\t\t\t\t\t\t\t\t\" \n\t\t\t>\n\t\t\t\t\t\t<div class=\"ngg-gallery-thumbnail\">\n\t\t\t<a href=\"https:\/\/svenciunamai.eu\/wp-content\/gallery\/spragesiu_aparatas\/cukraus_vata_masiniams_renginiams.jpg\"\n\t\t\t\ttitle=\"\"\n\t\t\t\tdata-src=\"https:\/\/svenciunamai.eu\/wp-content\/gallery\/spragesiu_aparatas\/cukraus_vata_masiniams_renginiams.jpg\"\n\t\t\t\tdata-thumbnail=\"https:\/\/svenciunamai.eu\/wp-content\/gallery\/spragesiu_aparatas\/thumbs\/thumbs-cukraus_vata_masiniams_renginiams.jpg\"\n\t\t\t\tdata-image-id=\"155\"\n\t\t\t\tdata-title=\"cukraus_vata_masiniams_renginiams\"\n\t\t\t\tdata-description=\"\"\n\t\t\t\tdata-image-slug=\"cukraus_vata_masiniams_renginiams\"\n\t\t\t\tclass=\"ngg-simplelightbox\" rel=\"d33561d4ee2eefe8b185a2fa245d4015\">\n\t\t\t\t<img\n\t\t\t\t\ttitle=\"cukraus_vata_masiniams_renginiams\"\n\t\t\t\t\talt=\"cukraus_vata_masiniams_renginiams\"\n\t\t\t\t\tsrc=\"https:\/\/svenciunamai.eu\/wp-content\/gallery\/spragesiu_aparatas\/thumbs\/thumbs-cukraus_vata_masiniams_renginiams.jpg\"\n\t\t\t\t\twidth=\"240\"\n\t\t\t\t\theight=\"160\"\n\t\t\t\t\tstyle=\"max-width:100%;\"\n\t\t\t\t\/>\n\t\t\t<\/a>\n\t\t<\/div>\n\t\t\t\t\t\t\t<\/div> \n\t\t\t\n\t\t\t\t<div id=\"ngg-image-2\" class=\"ngg-gallery-thumbnail-box \n\t\t\t\t\t\t\t\t\t\t\t\" \n\t\t\t>\n\t\t\t\t\t\t<div class=\"ngg-gallery-thumbnail\">\n\t\t\t<a href=\"https:\/\/svenciunamai.eu\/wp-content\/gallery\/spragesiu_aparatas\/spragesiai_renginiams.jpg\"\n\t\t\t\ttitle=\"\"\n\t\t\t\tdata-src=\"https:\/\/svenciunamai.eu\/wp-content\/gallery\/spragesiu_aparatas\/spragesiai_renginiams.jpg\"\n\t\t\t\tdata-thumbnail=\"https:\/\/svenciunamai.eu\/wp-content\/gallery\/spragesiu_aparatas\/thumbs\/thumbs-spragesiai_renginiams.jpg\"\n\t\t\t\tdata-image-id=\"156\"\n\t\t\t\tdata-title=\"spragesiai_renginiams\"\n\t\t\t\tdata-description=\"\"\n\t\t\t\tdata-image-slug=\"spragesiai_renginiams\"\n\t\t\t\tclass=\"ngg-simplelightbox\" rel=\"d33561d4ee2eefe8b185a2fa245d4015\">\n\t\t\t\t<img\n\t\t\t\t\ttitle=\"spragesiai_renginiams\"\n\t\t\t\t\talt=\"spragesiai_renginiams\"\n\t\t\t\t\tsrc=\"https:\/\/svenciunamai.eu\/wp-content\/gallery\/spragesiu_aparatas\/thumbs\/thumbs-spragesiai_renginiams.jpg\"\n\t\t\t\t\twidth=\"240\"\n\t\t\t\t\theight=\"160\"\n\t\t\t\t\tstyle=\"max-width:100%;\"\n\t\t\t\t\/>\n\t\t\t<\/a>\n\t\t<\/div>\n\t\t\t\t\t\t\t<\/div> \n\t\t\t\n\t\t\t\t<div id=\"ngg-image-3\" class=\"ngg-gallery-thumbnail-box \n\t\t\t\t\t\t\t\t\t\t\t\" \n\t\t\t>\n\t\t\t\t\t\t<div class=\"ngg-gallery-thumbnail\">\n\t\t\t<a href=\"https:\/\/svenciunamai.eu\/wp-content\/gallery\/spragesiu_aparatas\/spragesiu_aparato_nuoma_renginiams.jpg\"\n\t\t\t\ttitle=\"\"\n\t\t\t\tdata-src=\"https:\/\/svenciunamai.eu\/wp-content\/gallery\/spragesiu_aparatas\/spragesiu_aparato_nuoma_renginiams.jpg\"\n\t\t\t\tdata-thumbnail=\"https:\/\/svenciunamai.eu\/wp-content\/gallery\/spragesiu_aparatas\/thumbs\/thumbs-spragesiu_aparato_nuoma_renginiams.jpg\"\n\t\t\t\tdata-image-id=\"157\"\n\t\t\t\tdata-title=\"spragesiu_aparato_nuoma_renginiams\"\n\t\t\t\tdata-description=\"\"\n\t\t\t\tdata-image-slug=\"spragesiu_aparato_nuoma_renginiams\"\n\t\t\t\tclass=\"ngg-simplelightbox\" rel=\"d33561d4ee2eefe8b185a2fa245d4015\">\n\t\t\t\t<img\n\t\t\t\t\ttitle=\"spragesiu_aparato_nuoma_renginiams\"\n\t\t\t\t\talt=\"spragesiu_aparato_nuoma_renginiams\"\n\t\t\t\t\tsrc=\"https:\/\/svenciunamai.eu\/wp-content\/gallery\/spragesiu_aparatas\/thumbs\/thumbs-spragesiu_aparato_nuoma_renginiams.jpg\"\n\t\t\t\t\twidth=\"240\"\n\t\t\t\t\theight=\"160\"\n\t\t\t\t\tstyle=\"max-width:100%;\"\n\t\t\t\t\/>\n\t\t\t<\/a>\n\t\t<\/div>\n\t\t\t\t\t\t\t<\/div> \n\t\t\t\n\t\t\t\t<div id=\"ngg-image-4\" class=\"ngg-gallery-thumbnail-box \n\t\t\t\t\t\t\t\t\t\t\t\" \n\t\t\t>\n\t\t\t\t\t\t<div class=\"ngg-gallery-thumbnail\">\n\t\t\t<a href=\"https:\/\/svenciunamai.eu\/wp-content\/gallery\/spragesiu_aparatas\/spragesiu_aparato_nuoma_paslaugos_renginiams.jpg\"\n\t\t\t\ttitle=\"\"\n\t\t\t\tdata-src=\"https:\/\/svenciunamai.eu\/wp-content\/gallery\/spragesiu_aparatas\/spragesiu_aparato_nuoma_paslaugos_renginiams.jpg\"\n\t\t\t\tdata-thumbnail=\"https:\/\/svenciunamai.eu\/wp-content\/gallery\/spragesiu_aparatas\/thumbs\/thumbs-spragesiu_aparato_nuoma_paslaugos_renginiams.jpg\"\n\t\t\t\tdata-image-id=\"158\"\n\t\t\t\tdata-title=\"spragesiu_aparato_nuoma_paslaugos_renginiams\"\n\t\t\t\tdata-description=\"\"\n\t\t\t\tdata-image-slug=\"spragesiu_aparato_nuoma_paslaugos_renginiams\"\n\t\t\t\tclass=\"ngg-simplelightbox\" rel=\"d33561d4ee2eefe8b185a2fa245d4015\">\n\t\t\t\t<img\n\t\t\t\t\ttitle=\"spragesiu_aparato_nuoma_paslaugos_renginiams\"\n\t\t\t\t\talt=\"spragesiu_aparato_nuoma_paslaugos_renginiams\"\n\t\t\t\t\tsrc=\"https:\/\/svenciunamai.eu\/wp-content\/gallery\/spragesiu_aparatas\/thumbs\/thumbs-spragesiu_aparato_nuoma_paslaugos_renginiams.jpg\"\n\t\t\t\t\twidth=\"240\"\n\t\t\t\t\theight=\"160\"\n\t\t\t\t\tstyle=\"max-width:100%;\"\n\t\t\t\t\/>\n\t\t\t<\/a>\n\t\t<\/div>\n\t\t\t\t\t\t\t<\/div> \n\t\t\t\n\t\t\t\t<div id=\"ngg-image-5\" class=\"ngg-gallery-thumbnail-box \n\t\t\t\t\t\t\t\t\t\t\t\" \n\t\t\t>\n\t\t\t\t\t\t<div class=\"ngg-gallery-thumbnail\">\n\t\t\t<a href=\"https:\/\/svenciunamai.eu\/wp-content\/gallery\/spragesiu_aparatas\/spragesiu_aparatas_sventei.jpg\"\n\t\t\t\ttitle=\"\"\n\t\t\t\tdata-src=\"https:\/\/svenciunamai.eu\/wp-content\/gallery\/spragesiu_aparatas\/spragesiu_aparatas_sventei.jpg\"\n\t\t\t\tdata-thumbnail=\"https:\/\/svenciunamai.eu\/wp-content\/gallery\/spragesiu_aparatas\/thumbs\/thumbs-spragesiu_aparatas_sventei.jpg\"\n\t\t\t\tdata-image-id=\"159\"\n\t\t\t\tdata-title=\"spragesiu_aparatas_sventei\"\n\t\t\t\tdata-description=\"\"\n\t\t\t\tdata-image-slug=\"spragesiu_aparatas_sventei\"\n\t\t\t\tclass=\"ngg-simplelightbox\" rel=\"d33561d4ee2eefe8b185a2fa245d4015\">\n\t\t\t\t<img\n\t\t\t\t\ttitle=\"spragesiu_aparatas_sventei\"\n\t\t\t\t\talt=\"spragesiu_aparatas_sventei\"\n\t\t\t\t\tsrc=\"https:\/\/svenciunamai.eu\/wp-content\/gallery\/spragesiu_aparatas\/thumbs\/thumbs-spragesiu_aparatas_sventei.jpg\"\n\t\t\t\t\twidth=\"240\"\n\t\t\t\t\theight=\"160\"\n\t\t\t\t\tstyle=\"max-width:100%;\"\n\t\t\t\t\/>\n\t\t\t<\/a>\n\t\t<\/div>\n\t\t\t\t\t\t\t<\/div> \n\t\t\t\n\t\t\t\t<div id=\"ngg-image-6\" class=\"ngg-gallery-thumbnail-box \n\t\t\t\t\t\t\t\t\t\t\t\" \n\t\t\t>\n\t\t\t\t\t\t<div class=\"ngg-gallery-thumbnail\">\n\t\t\t<a href=\"https:\/\/svenciunamai.eu\/wp-content\/gallery\/spragesiu_aparatas\/spragesiu_aparato_nuoma_sventems.jpg\"\n\t\t\t\ttitle=\"\"\n\t\t\t\tdata-src=\"https:\/\/svenciunamai.eu\/wp-content\/gallery\/spragesiu_aparatas\/spragesiu_aparato_nuoma_sventems.jpg\"\n\t\t\t\tdata-thumbnail=\"https:\/\/svenciunamai.eu\/wp-content\/gallery\/spragesiu_aparatas\/thumbs\/thumbs-spragesiu_aparato_nuoma_sventems.jpg\"\n\t\t\t\tdata-image-id=\"160\"\n\t\t\t\tdata-title=\"spragesiu_aparato_nuoma_sventems\"\n\t\t\t\tdata-description=\"\"\n\t\t\t\tdata-image-slug=\"spragesiu_aparato_nuoma_sventems\"\n\t\t\t\tclass=\"ngg-simplelightbox\" rel=\"d33561d4ee2eefe8b185a2fa245d4015\">\n\t\t\t\t<img\n\t\t\t\t\ttitle=\"spragesiu_aparato_nuoma_sventems\"\n\t\t\t\t\talt=\"spragesiu_aparato_nuoma_sventems\"\n\t\t\t\t\tsrc=\"https:\/\/svenciunamai.eu\/wp-content\/gallery\/spragesiu_aparatas\/thumbs\/thumbs-spragesiu_aparato_nuoma_sventems.jpg\"\n\t\t\t\t\twidth=\"240\"\n\t\t\t\t\theight=\"160\"\n\t\t\t\t\tstyle=\"max-width:100%;\"\n\t\t\t\t\/>\n\t\t\t<\/a>\n\t\t<\/div>\n\t\t\t\t\t\t\t<\/div> \n\t\t\t\n\t\t\t\t<div id=\"ngg-image-7\" class=\"ngg-gallery-thumbnail-box \n\t\t\t\t\t\t\t\t\t\t\t\" \n\t\t\t>\n\t\t\t\t\t\t<div class=\"ngg-gallery-thumbnail\">\n\t\t\t<a href=\"https:\/\/svenciunamai.eu\/wp-content\/gallery\/spragesiu_aparatas\/spragesiu_aparato_nuoma_vilniuje.jpg\"\n\t\t\t\ttitle=\"\"\n\t\t\t\tdata-src=\"https:\/\/svenciunamai.eu\/wp-content\/gallery\/spragesiu_aparatas\/spragesiu_aparato_nuoma_vilniuje.jpg\"\n\t\t\t\tdata-thumbnail=\"https:\/\/svenciunamai.eu\/wp-content\/gallery\/spragesiu_aparatas\/thumbs\/thumbs-spragesiu_aparato_nuoma_vilniuje.jpg\"\n\t\t\t\tdata-image-id=\"161\"\n\t\t\t\tdata-title=\"spragesiu_aparato_nuoma_vilniuje\"\n\t\t\t\tdata-description=\"\"\n\t\t\t\tdata-image-slug=\"spragesiu_aparato_nuoma_vilniuje\"\n\t\t\t\tclass=\"ngg-simplelightbox\" rel=\"d33561d4ee2eefe8b185a2fa245d4015\">\n\t\t\t\t<img\n\t\t\t\t\ttitle=\"spragesiu_aparato_nuoma_vilniuje\"\n\t\t\t\t\talt=\"spragesiu_aparato_nuoma_vilniuje\"\n\t\t\t\t\tsrc=\"https:\/\/svenciunamai.eu\/wp-content\/gallery\/spragesiu_aparatas\/thumbs\/thumbs-spragesiu_aparato_nuoma_vilniuje.jpg\"\n\t\t\t\t\twidth=\"240\"\n\t\t\t\t\theight=\"160\"\n\t\t\t\t\tstyle=\"max-width:100%;\"\n\t\t\t\t\/>\n\t\t\t<\/a>\n\t\t<\/div>\n\t\t\t\t\t\t\t<\/div> \n\t\t\t\n\t\t\t\t<div id=\"ngg-image-8\" class=\"ngg-gallery-thumbnail-box \n\t\t\t\t\t\t\t\t\t\t\t\" \n\t\t\t>\n\t\t\t\t\t\t<div class=\"ngg-gallery-thumbnail\">\n\t\t\t<a href=\"https:\/\/svenciunamai.eu\/wp-content\/gallery\/spragesiu_aparatas\/spragesiu_aparato_nuoma_vaiku_renginiams.jpg\"\n\t\t\t\ttitle=\"\"\n\t\t\t\tdata-src=\"https:\/\/svenciunamai.eu\/wp-content\/gallery\/spragesiu_aparatas\/spragesiu_aparato_nuoma_vaiku_renginiams.jpg\"\n\t\t\t\tdata-thumbnail=\"https:\/\/svenciunamai.eu\/wp-content\/gallery\/spragesiu_aparatas\/thumbs\/thumbs-spragesiu_aparato_nuoma_vaiku_renginiams.jpg\"\n\t\t\t\tdata-image-id=\"162\"\n\t\t\t\tdata-title=\"spragesiu_aparato_nuoma_vaiku_renginiams\"\n\t\t\t\tdata-description=\"\"\n\t\t\t\tdata-image-slug=\"spragesiu_aparato_nuoma_vaiku_renginiams\"\n\t\t\t\tclass=\"ngg-simplelightbox\" rel=\"d33561d4ee2eefe8b185a2fa245d4015\">\n\t\t\t\t<img\n\t\t\t\t\ttitle=\"spragesiu_aparato_nuoma_vaiku_renginiams\"\n\t\t\t\t\talt=\"spragesiu_aparato_nuoma_vaiku_renginiams\"\n\t\t\t\t\tsrc=\"https:\/\/svenciunamai.eu\/wp-content\/gallery\/spragesiu_aparatas\/thumbs\/thumbs-spragesiu_aparato_nuoma_vaiku_renginiams.jpg\"\n\t\t\t\t\twidth=\"240\"\n\t\t\t\t\theight=\"160\"\n\t\t\t\t\tstyle=\"max-width:100%;\"\n\t\t\t\t\/>\n\t\t\t<\/a>\n\t\t<\/div>\n\t\t\t\t\t\t\t<\/div> \n\t\t\t\n\t\n\t<br style=\"clear: both\" \/>\n\n\t\n\t\t<!-- Pagination -->\n\t\t<div class='ngg-clear'><\/div>\t<\/div>\n\n<p>&nbsp;<\/p>\n<p>&nbsp;<\/p><\/p>\n","protected":false},"excerpt":{"rendered":"<p>Profesionalaus sprag\u0117si\u0173 aparato nuoma \u2013 50 eur. +DOVANA priemon\u0117s 40 porcij\u0173 (sald\u016bs\/s\u016br\u016bs sprag\u0117siai) &nbsp; &nbsp; &nbsp;&nbsp; Esant poreikiui galima u\u017esakyti papildomas porcijas.&nbsp; &nbsp;Personalas sprag\u0117si\u0173 gaminimui 25 eur\/val. Galimas pristatymas \u012f renginio viet\u0105 (kaina derinama individualiai). &nbsp;Priva\u010dioms \u0161vent\u0117ms sprag\u0117si\u0173 gaminimo aparat\u0105 galime nuomoti be aptarnaujan\u010dio personalo, apmokome kaip naudotis \u012franga. U\u017esakant m\u016bs\u0173 personal\u0105 galime pasi\u016blyti sprag\u0117sius &hellip;<\/p>\n","protected":false},"author":1,"featured_media":0,"parent":0,"menu_order":0,"comment_status":"closed","ping_status":"closed","template":"","meta":{"ngg_post_thumbnail":0,"footnotes":""},"class_list":["post-1452","page","type-page","status-publish","hentry","no-thumb"],"_links":{"self":[{"href":"https:\/\/svenciunamai.eu\/index.php?rest_route=\/wp\/v2\/pages\/1452","targetHints":{"allow":["GET"]}}],"collection":[{"href":"https:\/\/svenciunamai.eu\/index.php?rest_route=\/wp\/v2\/pages"}],"about":[{"href":"https:\/\/svenciunamai.eu\/index.php?rest_route=\/wp\/v2\/types\/page"}],"author":[{"embeddable":true,"href":"https:\/\/svenciunamai.eu\/index.php?rest_route=\/wp\/v2\/users\/1"}],"replies":[{"embeddable":true,"href":"https:\/\/svenciunamai.eu\/index.php?rest_route=%2Fwp%2Fv2%2Fcomments&post=1452"}],"version-history":[{"count":29,"href":"https:\/\/svenciunamai.eu\/index.php?rest_route=\/wp\/v2\/pages\/1452\/revisions"}],"predecessor-version":[{"id":2669,"href":"https:\/\/svenciunamai.eu\/index.php?rest_route=\/wp\/v2\/pages\/1452\/revisions\/2669"}],"wp:attachment":[{"href":"https:\/\/svenciunamai.eu\/index.php?rest_route=%2Fwp%2Fv2%2Fmedia&parent=1452"}],"curies":[{"name":"wp","href":"https:\/\/api.w.org\/{rel}","templated":true}]}}